{"id":1005,"date":"2025-02-13T13:46:36","date_gmt":"2025-02-13T12:46:36","guid":{"rendered":"http:\/\/wp1.iesagora.es:60010\/creagora\/?post_type=product&#038;p=1005"},"modified":"2025-02-13T14:00:03","modified_gmt":"2025-02-13T13:00:03","slug":"camiseta-modelo-elisabet-valverde","status":"publish","type":"product","link":"http:\/\/wp1.iesagora.es:60010\/creagora\/producto\/camiseta-modelo-elisabet-valverde\/","title":{"rendered":"Camiseta modelo Elisabet Valverde"},"content":{"rendered":"<p data-start=\"61\" data-end=\"122\"><strong data-start=\"61\" data-end=\"120\">Camiseta Unisex \u00abI Need You\u00bb \u2013 Especial San Valent\u00edn \u2764\ufe0f<\/strong><\/p>\n<p data-start=\"124\" data-end=\"234\">Celebra el amor con estilo con nuestra camiseta exclusiva de San Valent\u00edn. Dise\u00f1ada para enamorar, presenta:<\/p>\n<p data-start=\"236\" data-end=\"554\">\u2728 <strong data-start=\"238\" data-end=\"256\">Parte trasera:<\/strong> Frase inspiradora <em data-start=\"275\" data-end=\"315\">\u00abI need you like a heart needs a beat\u00bb<\/em>, perfecta para expresar lo que sientes.<br data-start=\"355\" data-end=\"358\" \/>\ud83d\udc96 <strong data-start=\"361\" data-end=\"381\">Parte delantera:<\/strong> Un coraz\u00f3n en el centro, s\u00edmbolo de pasi\u00f3n y conexi\u00f3n.<br data-start=\"436\" data-end=\"439\" \/>\ud83d\udda4 <strong data-start=\"442\" data-end=\"454\">Lateral:<\/strong> La palabra <em data-start=\"466\" data-end=\"481\">\u00abValentine&#8217;s\u00bb<\/em>, dividida a la mitad, representando la uni\u00f3n de dos mitades perfectas.<\/p>\n<p data-start=\"556\" data-end=\"663\">\ud83d\udc55 Modelo unisex, ideal para cualquier ocasi\u00f3n rom\u00e1ntica o casual.<br data-start=\"622\" data-end=\"625\" \/>\ud83d\udcb6 <strong data-start=\"628\" data-end=\"648\">Precio especial:<\/strong> \u00a1Solo 3,99\u20ac!<\/p>\n<p data-start=\"665\" data-end=\"749\" data-is-last-node=\"\">Regala amor y estilo este San Valent\u00edn. \u2764\ufe0f \u00a1Consigue la tuya antes de que se agoten!<\/p>\n","protected":false},"excerpt":{"rendered":"<p>Camiseta b\u00e1sica unisex especial San Valent\u00edn.<\/p>\n","protected":false},"featured_media":969,"comment_status":"open","ping_status":"closed","template":"","meta":{"site-sidebar-layout":"default","site-content-layout":"","ast-site-content-layout":"","site-content-style":"default","site-sidebar-style":"default","ast-global-header-display":"","ast-banner-title-visibility":"","ast-main-header-display":"","ast-hfb-above-header-display":"","ast-hfb-below-header-display":"","ast-hfb-mobile-header-display":"","site-post-title":"","ast-breadcrumbs-content":"","ast-featured-img":"","footer-sml-layout":"","theme-transparent-header-meta":"","adv-header-id-meta":"","stick-header-meta":"","header-above-stick-meta":"","header-main-stick-meta":"","header-below-stick-meta":"","astra-migrate-meta-layouts":"default","ast-page-background-enabled":"default","ast-page-background-meta":{"desktop":{"background-color":"var(--ast-global-color-5)","background-image":"","background-repeat":"repeat","background-position":"center center","background-size":"auto","background-attachment":"scroll","background-type":"","background-media":"","overlay-type":"","overlay-color":"","overlay-opacity":"","overlay-gradient":""},"tablet":{"background-color":"","background-image":"","background-repeat":"repeat","background-position":"center center","background-size":"auto","background-attachment":"scroll","background-type":"","background-media":"","overlay-type":"","overlay-color":"","overlay-opacity":"","overlay-gradient":""},"mobile":{"background-color":"","background-image":"","background-repeat":"repeat","background-position":"center center","background-size":"auto","background-attachment":"scroll","background-type":"","background-media":"","overlay-type":"","overlay-color":"","overlay-opacity":"","overlay-gradient":""}},"ast-content-background-meta":{"desktop":{"background-color":"var(--ast-global-color-4)","background-image":"","background-repeat":"repeat","background-position":"center center","background-size":"auto","background-attachment":"scroll","background-type":"","background-media":"","overlay-type":"","overlay-color":"","overlay-opacity":"","overlay-gradient":""},"tablet":{"background-color":"var(--ast-global-color-4)","background-image":"","background-repeat":"repeat","background-position":"center center","background-size":"auto","background-attachment":"scroll","background-type":"","background-media":"","overlay-type":"","overlay-color":"","overlay-opacity":"","overlay-gradient":""},"mobile":{"background-color":"var(--ast-global-color-4)","background-image":"","background-repeat":"repeat","background-position":"center center","background-size":"auto","background-attachment":"scroll","background-type":"","background-media":"","overlay-type":"","overlay-color":"","overlay-opacity":"","overlay-gradient":""}}},"product_brand":[25],"product_cat":[26],"product_tag":[],"class_list":{"0":"post-1005","1":"product","2":"type-product","3":"status-publish","4":"has-post-thumbnail","6":"product_brand-agora","7":"product_cat-san-valentin","8":"desktop-align-left","9":"tablet-align-left","10":"mobile-align-left","12":"first","13":"onbackorder","14":"shipping-taxable","15":"purchasable","16":"product-type-simple"},"_links":{"self":[{"href":"http:\/\/wp1.iesagora.es:60010\/creagora\/wp-json\/wp\/v2\/product\/1005","targetHints":{"allow":["GET"]}}],"collection":[{"href":"http:\/\/wp1.iesagora.es:60010\/creagora\/wp-json\/wp\/v2\/product"}],"about":[{"href":"http:\/\/wp1.iesagora.es:60010\/creagora\/wp-json\/wp\/v2\/types\/product"}],"replies":[{"embeddable":true,"href":"http:\/\/wp1.iesagora.es:60010\/creagora\/wp-json\/wp\/v2\/comments?post=1005"}],"wp:featuredmedia":[{"embeddable":true,"href":"http:\/\/wp1.iesagora.es:60010\/creagora\/wp-json\/wp\/v2\/media\/969"}],"wp:attachment":[{"href":"http:\/\/wp1.iesagora.es:60010\/creagora\/wp-json\/wp\/v2\/media?parent=1005"}],"wp:term":[{"taxonomy":"product_brand","embeddable":true,"href":"http:\/\/wp1.iesagora.es:60010\/creagora\/wp-json\/wp\/v2\/product_brand?post=1005"},{"taxonomy":"product_cat","embeddable":true,"href":"http:\/\/wp1.iesagora.es:60010\/creagora\/wp-json\/wp\/v2\/product_cat?post=1005"},{"taxonomy":"product_tag","embeddable":true,"href":"http:\/\/wp1.iesagora.es:60010\/creagora\/wp-json\/wp\/v2\/product_tag?post=1005"}],"curies":[{"name":"wp","href":"https:\/\/api.w.org\/{rel}","templated":true}]}}