{"id":2,"date":"2024-03-21T13:34:53","date_gmt":"2024-03-21T12:34:53","guid":{"rendered":"http:\/\/wp1.iesagora.es:60010\/creagora\/?page_id=2"},"modified":"2026-02-05T12:58:03","modified_gmt":"2026-02-05T11:58:03","slug":"pagina-ejemplo","status":"publish","type":"page","link":"http:\/\/wp1.iesagora.es:60010\/creagora\/","title":{"rendered":"Bienvenid@s a"},"content":{"rendered":"<figure><img decoding=\"async\" src=\"http:\/\/wp1.iesagora.es:60010\/creagora\/wp-content\/uploads\/sites\/172\/2024\/11\/Creagora_escuela_emprendedores-1024x576.png\" alt=\"\" \/><\/figure>\n<p>\n\n\n<div class=\"wp-block-columns is-layout-flex wp-container-core-columns-is-layout-28f84493 wp-block-columns-is-layout-flex\">\n<div class=\"wp-block-column is-layout-flow wp-block-column-is-layout-flow\"><\/div>\n\n\n\n<div class=\"wp-block-column is-layout-flow wp-block-column-is-layout-flow\"><\/div>\n\n\n\n<div class=\"wp-block-column is-layout-flow wp-block-column-is-layout-flow\"><\/div>\n<\/div>\n\n\n<p>Conoce el proyecto<br \/>Participantes<br \/>Campa\u00f1as de venta<br \/>Conoce el proyecto<\/p>\n<p style=\"text-align: left\"><a href=\"http:\/\/wp1.iesagora.es:60010\/creagora\/creagora-laboratorio-de-ideas\/\"><strong>CRE\u00c1GORA<\/strong><\/a> es la <strong>f\u00e1brica de ideas del IES \u00c1gora<\/strong>. Es nuestro laboratorio de emprendimiento, en el que los\u00a0<a href=\"http:\/\/wp1.iesagora.es:60010\/creagora\/los-protagonistas\/\">alumnos son los protagonistas<\/a>, ideando, prototipando y lanzando al mercado sus ideas de negocio.<\/p>\n<p>\u00a0Utilizamos <strong>metodolog\u00edas activas<\/strong> para que nuestros alumnos desarrollen desde cero una idea de negocio, tomando como entorno la comunidad educativa.\u00a0<\/p>\n<p>Participantes<\/p>\n<ul>\n<li style=\"list-style-type: none\">\n<ul>\n<li>Conoce a los <a href=\"http:\/\/wp1.iesagora.es:60010\/creagora\/profesorado\/\">profesores<\/a> m\u00e1s motivados<\/li>\n<li>Conoce a los <a href=\"http:\/\/wp1.iesagora.es:60010\/creagora\/los-protagonistas\/\">alumnos<\/a> m\u00e1s emprendedores del IES \u00c1gora<\/li>\n<\/ul>\n<\/li>\n<\/ul>\n<p>Campa\u00f1as de venta<\/p>\n<p style=\"text-align: left\">Descubre nuestras \u00faltimas campa\u00f1as de ventas:<\/p>\n<ul>\n<li><a href=\"http:\/\/wp1.iesagora.es:60010\/creagora\/category\/campana-de-ventas\/mercado-de-navidad\/\">Navidad<\/a><\/li>\n<li><a href=\"http:\/\/wp1.iesagora.es:60010\/creagora\/category\/campana-de-ventas\/san-valentin\/\">San Valent\u00edn<\/a><\/li>\n<li><a href=\"http:\/\/wp1.iesagora.es:60010\/creagora\/2025\/04\/30\/campana-de-verano\/\">Verano<\/a><\/li>\n<\/ul>\n<p>Visita nuestra<a href=\"http:\/\/wp1.iesagora.es:60010\/creagora\/tienda\/\"> tienda online<\/a> con los productos que hemos creado.<\/p>\n<h2>\u00daltimas novedades<\/h2>\n\n\n<div class=\"wp-block-columns is-layout-flex wp-container-core-columns-is-layout-28f84493 wp-block-columns-is-layout-flex\">\n<div class=\"wp-block-column is-layout-flow wp-block-column-is-layout-flow\">\n<figure class=\"wp-block-image size-large\"><img fetchpriority=\"high\" decoding=\"async\" width=\"694\" height=\"1024\" src=\"http:\/\/wp1.iesagora.es:60010\/creagora\/wp-content\/uploads\/sites\/172\/2026\/02\/Cupido-694x1024.jpg\" alt=\"\" class=\"wp-image-2775\" srcset=\"http:\/\/wp1.iesagora.es:60010\/creagora\/wp-content\/uploads\/sites\/172\/2026\/02\/Cupido-694x1024.jpg 694w, http:\/\/wp1.iesagora.es:60010\/creagora\/wp-content\/uploads\/sites\/172\/2026\/02\/Cupido-203x300.jpg 203w, http:\/\/wp1.iesagora.es:60010\/creagora\/wp-content\/uploads\/sites\/172\/2026\/02\/Cupido-768x1133.jpg 768w, http:\/\/wp1.iesagora.es:60010\/creagora\/wp-content\/uploads\/sites\/172\/2026\/02\/Cupido-600x885.jpg 600w, http:\/\/wp1.iesagora.es:60010\/creagora\/wp-content\/uploads\/sites\/172\/2026\/02\/Cupido.jpg 828w\" sizes=\"(max-width: 694px) 100vw, 694px\" \/><figcaption class=\"wp-element-caption\">Cartel de Servicios Comerciales para la campa\u00f1a de San Valent\u00edn<\/figcaption><\/figure>\n\n\n\n<p>Accede al formulario de reservas: <\/p>\n\n\n\n<div class=\"wp-block-buttons is-content-justification-left is-layout-flex wp-container-core-buttons-is-layout-fc4fd283 wp-block-buttons-is-layout-flex\">\n<div class=\"wp-block-button\"><a class=\"wp-block-button__link wp-element-button\" href=\"https:\/\/docs.google.com\/forms\/u\/1\/d\/e\/1FAIpQLSflUQV0EFXU_Nf2YrOmJF12doiYuMJy_JbccO4RspozZOnylA\/viewform?usp=send_form\">Reserva aqu\u00ed tu producto<\/a><\/div>\n<\/div>\n<\/div>\n\n\n\n<div class=\"wp-block-column is-layout-flow wp-block-column-is-layout-flow\">\n<figure class=\"wp-block-image size-large is-resized\"><img decoding=\"async\" width=\"614\" height=\"1024\" src=\"http:\/\/wp1.iesagora.es:60010\/creagora\/wp-content\/uploads\/sites\/172\/2026\/02\/Productos-614x1024.jpg\" alt=\"\" class=\"wp-image-2778\" style=\"aspect-ratio:0.5995954434153092;width:309px;height:auto\" srcset=\"http:\/\/wp1.iesagora.es:60010\/creagora\/wp-content\/uploads\/sites\/172\/2026\/02\/Productos-614x1024.jpg 614w, http:\/\/wp1.iesagora.es:60010\/creagora\/wp-content\/uploads\/sites\/172\/2026\/02\/Productos-180x300.jpg 180w, http:\/\/wp1.iesagora.es:60010\/creagora\/wp-content\/uploads\/sites\/172\/2026\/02\/Productos-768x1282.jpg 768w, http:\/\/wp1.iesagora.es:60010\/creagora\/wp-content\/uploads\/sites\/172\/2026\/02\/Productos-600x1001.jpg 600w, http:\/\/wp1.iesagora.es:60010\/creagora\/wp-content\/uploads\/sites\/172\/2026\/02\/Productos.jpg 822w\" sizes=\"(max-width: 614px) 100vw, 614px\" \/><\/figure>\n<\/div>\n\n\n\n<div class=\"wp-block-column is-layout-flow wp-block-column-is-layout-flow\">\n<figure class=\"wp-block-image size-large\"><img decoding=\"async\" width=\"724\" height=\"1024\" src=\"http:\/\/wp1.iesagora.es:60010\/creagora\/wp-content\/uploads\/sites\/172\/2026\/02\/PHOTO-2026-02-05-12-54-20-724x1024.jpg\" alt=\"\" class=\"wp-image-2782\" style=\"aspect-ratio:0.707026959168942\" srcset=\"http:\/\/wp1.iesagora.es:60010\/creagora\/wp-content\/uploads\/sites\/172\/2026\/02\/PHOTO-2026-02-05-12-54-20-724x1024.jpg 724w, http:\/\/wp1.iesagora.es:60010\/creagora\/wp-content\/uploads\/sites\/172\/2026\/02\/PHOTO-2026-02-05-12-54-20-212x300.jpg 212w, http:\/\/wp1.iesagora.es:60010\/creagora\/wp-content\/uploads\/sites\/172\/2026\/02\/PHOTO-2026-02-05-12-54-20-768x1086.jpg 768w, http:\/\/wp1.iesagora.es:60010\/creagora\/wp-content\/uploads\/sites\/172\/2026\/02\/PHOTO-2026-02-05-12-54-20-1086x1536.jpg 1086w, http:\/\/wp1.iesagora.es:60010\/creagora\/wp-content\/uploads\/sites\/172\/2026\/02\/PHOTO-2026-02-05-12-54-20-600x849.jpg 600w, http:\/\/wp1.iesagora.es:60010\/creagora\/wp-content\/uploads\/sites\/172\/2026\/02\/PHOTO-2026-02-05-12-54-20.jpg 1131w\" sizes=\"(max-width: 724px) 100vw, 724px\" \/><figcaption class=\"wp-element-caption\"><br>Cartel de los alumnos de 4\u00ba de la ESO<\/figcaption><\/figure>\n<\/div>\n<\/div>\n\n\n\n<p><\/p>\n","protected":false},"excerpt":{"rendered":"<p>Conoce el proyectoParticipantesCampa\u00f1as de ventaConoce el proyecto CRE\u00c1GORA es la f\u00e1brica de ideas del IES \u00c1gora. Es nuestro laboratorio de [&hellip;]<\/p>\n","protected":false},"author":37,"featured_media":0,"parent":0,"menu_order":0,"comment_status":"closed","ping_status":"open","template":"","meta":{"site-sidebar-layout":"default","site-content-layout":"","ast-site-content-layout":"","site-content-style":"default","site-sidebar-style":"default","ast-global-header-display":"","ast-banner-title-visibility":"","ast-main-header-display":"","ast-hfb-above-header-display":"","ast-hfb-below-header-display":"","ast-hfb-mobile-header-display":"","site-post-title":"","ast-breadcrumbs-content":"","ast-featured-img":"","footer-sml-layout":"","theme-transparent-header-meta":"","adv-header-id-meta":"","stick-header-meta":"","header-above-stick-meta":"","header-main-stick-meta":"","header-below-stick-meta":"","astra-migrate-meta-layouts":"default","ast-page-background-enabled":"default","ast-page-background-meta":{"desktop":{"background-color":"var(--ast-global-color-5)","background-image":"","background-repeat":"repeat","background-position":"center center","background-size":"auto","background-attachment":"scroll","background-type":"","background-media":"","overlay-type":"","overlay-color":"","overlay-opacity":"","overlay-gradient":""},"tablet":{"background-color":"","background-image":"","background-repeat":"repeat","background-position":"center center","background-size":"auto","background-attachment":"scroll","background-type":"","background-media":"","overlay-type":"","overlay-color":"","overlay-opacity":"","overlay-gradient":""},"mobile":{"background-color":"","background-image":"","background-repeat":"repeat","background-position":"center center","background-size":"auto","background-attachment":"scroll","background-type":"","background-media":"","overlay-type":"","overlay-color":"","overlay-opacity":"","overlay-gradient":""}},"ast-content-background-meta":{"desktop":{"background-color":"var(--ast-global-color-4)","background-image":"","background-repeat":"repeat","background-position":"center center","background-size":"auto","background-attachment":"scroll","background-type":"","background-media":"","overlay-type":"","overlay-color":"","overlay-opacity":"","overlay-gradient":""},"tablet":{"background-color":"var(--ast-global-color-4)","background-image":"","background-repeat":"repeat","background-position":"center center","background-size":"auto","background-attachment":"scroll","background-type":"","background-media":"","overlay-type":"","overlay-color":"","overlay-opacity":"","overlay-gradient":""},"mobile":{"background-color":"var(--ast-global-color-4)","background-image":"","background-repeat":"repeat","background-position":"center center","background-size":"auto","background-attachment":"scroll","background-type":"","background-media":"","overlay-type":"","overlay-color":"","overlay-opacity":"","overlay-gradient":""}},"footnotes":""},"class_list":["post-2","page","type-page","status-publish","hentry"],"_links":{"self":[{"href":"http:\/\/wp1.iesagora.es:60010\/creagora\/wp-json\/wp\/v2\/pages\/2","targetHints":{"allow":["GET"]}}],"collection":[{"href":"http:\/\/wp1.iesagora.es:60010\/creagora\/wp-json\/wp\/v2\/pages"}],"about":[{"href":"http:\/\/wp1.iesagora.es:60010\/creagora\/wp-json\/wp\/v2\/types\/page"}],"author":[{"embeddable":true,"href":"http:\/\/wp1.iesagora.es:60010\/creagora\/wp-json\/wp\/v2\/users\/37"}],"replies":[{"embeddable":true,"href":"http:\/\/wp1.iesagora.es:60010\/creagora\/wp-json\/wp\/v2\/comments?post=2"}],"version-history":[{"count":51,"href":"http:\/\/wp1.iesagora.es:60010\/creagora\/wp-json\/wp\/v2\/pages\/2\/revisions"}],"predecessor-version":[{"id":2783,"href":"http:\/\/wp1.iesagora.es:60010\/creagora\/wp-json\/wp\/v2\/pages\/2\/revisions\/2783"}],"wp:attachment":[{"href":"http:\/\/wp1.iesagora.es:60010\/creagora\/wp-json\/wp\/v2\/media?parent=2"}],"curies":[{"name":"wp","href":"https:\/\/api.w.org\/{rel}","templated":true}]}}